{"id":104,"date":"2016-11-07T12:02:40","date_gmt":"2016-11-07T12:02:40","guid":{"rendered":"http:\/\/congresos.unileon.es\/plantilla\/?page_id=104"},"modified":"2025-12-19T08:31:12","modified_gmt":"2025-12-19T08:31:12","slug":"presentacion","status":"publish","type":"page","link":"https:\/\/congresos.unileon.es\/14cimo2025\/","title":{"rendered":"Presentaci\u00f3n"},"content":{"rendered":"<p>[et_pb_section fb_built=&#8221;1&#8243; admin_label=&#8221;section&#8221; _builder_version=&#8221;4.16&#8243; global_colors_info=&#8221;{}&#8221;][et_pb_row padding_mobile=&#8221;off&#8221; column_padding_mobile=&#8221;on&#8221; admin_label=&#8221;Fila&#8221; _builder_version=&#8221;4.16&#8243; background_size=&#8221;initial&#8221; background_position=&#8221;top_left&#8221; background_repeat=&#8221;repeat&#8221; custom_padding=&#8221;0px||0px|&#8221; make_fullwidth=&#8221;off&#8221; use_custom_width=&#8221;off&#8221; width_unit=&#8221;on&#8221; global_colors_info=&#8221;{}&#8221;][et_pb_column type=&#8221;4_4&#8243; _builder_version=&#8221;4.16&#8243; custom_padding=&#8221;|||&#8221; global_colors_info=&#8221;{}&#8221; custom_padding__hover=&#8221;|||&#8221;][et_pb_post_title meta=&#8221;off&#8221; featured_image=&#8221;off&#8221; admin_label=&#8221;T\u00edtulo de publicaci\u00f3n&#8221; module_class=&#8221;entry-title main_title&#8221; _builder_version=&#8221;4.16&#8243; title_all_caps=&#8221;off&#8221; background_color=&#8221;rgba(255,255,255,0)&#8221; parallax=&#8221;on&#8221; parallax_method=&#8221;off&#8221; custom_margin=&#8221;0px||0px|&#8221; custom_padding=&#8221;0px||0px|&#8221; parallax_effect=&#8221;on&#8221; module_bg_color=&#8221;rgba(255,255,255,0)&#8221; use_border_color=&#8221;off&#8221; border_color=&#8221;#ffffff&#8221; border_style=&#8221;solid&#8221; global_colors_info=&#8221;{}&#8221;][\/et_pb_post_title][\/et_pb_column][\/et_pb_row][et_pb_row admin_label=&#8221;Fila&#8221; _builder_version=&#8221;4.16&#8243; background_size=&#8221;initial&#8221; background_position=&#8221;top_left&#8221; background_repeat=&#8221;repeat&#8221; custom_padding=&#8221;0px|||||&#8221; global_colors_info=&#8221;{}&#8221;][et_pb_column type=&#8221;4_4&#8243; _builder_version=&#8221;4.16&#8243; custom_padding=&#8221;|||&#8221; global_colors_info=&#8221;{}&#8221; custom_padding__hover=&#8221;|||&#8221;][et_pb_text admin_label=&#8221;Texto&#8221; _builder_version=&#8221;4.17.6&#8243; background_size=&#8221;initial&#8221; background_position=&#8221;top_left&#8221; background_repeat=&#8221;repeat&#8221; use_border_color=&#8221;off&#8221; border_color=&#8221;#ffffff&#8221; border_style=&#8221;solid&#8221; global_colors_info=&#8221;{}&#8221;]<\/p>\n<h1><\/h1>\n<h1><\/h1>\n<p><span style=\"color: #000000\">Los <strong>congresos internacionales de molinolog\u00eda<\/strong> (CIMO) son el referente en Espa\u00f1a del estudio de los molinos y de los ingenios tradicionales. Las actas de estos congresos ponen de manifiesto los importantes valores hist\u00f3ricos, arquitect\u00f3nicos, t\u00e9cnicos, est\u00e9ticos, paisaj\u00edsticos, sociales y simb\u00f3licos de estos bienes.<\/span><\/p>\n<p><span style=\"color: #000000\">Los CIMO se vienen celebrando desde el a\u00f1o 1995 y con el congreso de Le\u00f3n alcanzaron su 14\u00aa edici\u00f3n. Su organizaci\u00f3n corresponde a la <strong>Asociaci\u00f3n para la Conservaci\u00f3n y Estudio de los Molinos<\/strong> (ACEM), creada en el a\u00f1o 1997 precisamente a ra\u00edz de las primeras \u00abJornadas Nacionales de Molinolog\u00eda\u00bb reunidas en Galicia en 1995 y de cara a la organizaci\u00f3n de las segundas en Catalu\u00f1a. Tras las terceras en Cartagena (Regi\u00f3n de Murcia), desde 2003 con el primer congreso celebrado en Mallorca \u00e9ste adquiri\u00f3 car\u00e1cter internacional.<\/span><\/p>\n<p><span style=\"color: #000000\">Para la organizaci\u00f3n de los CIMO, ACEM cuenta con universidades e instituciones que los respalden tanto desde el punto de vista profesional como econ\u00f3mico. En el caso del 14\u00ba congreso la entidad organizadora fue la <strong>Universidad de Le\u00f3n<\/strong> (ULE), contando con el patrocinio del <strong>Ayuntamiento de Le\u00f3n<\/strong> y la colaboraci\u00f3n de la Fundaci\u00f3n Juanelo Turriano, el Instituto de Humanismo y Tradici\u00f3n Cl\u00e1sica (ULE), el grupo de investigaci\u00f3n INDETEHI\/HISMECON (ULE), la Fundaci\u00f3n Octavio \u00c1lvarez Carballo y el Instituto Leon\u00e9s de Cultura (Diputaci\u00f3n de Le\u00f3n).<\/span><\/p>\n<p><span style=\"color: #000000\">La ciudad de Le\u00f3n acogi\u00f3 el <strong>XIV Congreso Internacional de Molinolog\u00eda<\/strong> entre los d\u00edas <strong>16, 17, 18 y 19 de octubre de 2025<\/strong> bajo el lema \u00abPaisajes milenarios, repertorio de sabidur\u00eda\u00bb.<\/span>\u00a0<\/p>\n<p><span style=\"color: #000000\"><\/span><\/p>\n<p><span style=\"color: #000000\"><\/span><\/p>\n<h1>Objetivos<\/h1>\n<p>Los CIMO buscan fomentar el estudio, el conocimiento y la protecci\u00f3n en particular de los <strong>molinos de todo tipo y en todo el mundo<\/strong> y en general de aquellos edificios, infraestructuras, elementos y mecanismos que capten, regulen, conduzcan, transformen y utilicen para su funcionamiento las distintas energ\u00edas tradicionales, as\u00ed como de los elementos culturales asociados a ellos.<\/p>\n<p>Como objetivos concretos, el 14\u00ba CIMO de Le\u00f3n pretendi\u00f3:<\/p>\n<ul>\n<li>Dar a conocer las \u00faltimas investigaciones sobre molinos, desde diferentes disciplinas (historia, ingenier\u00eda, antropolog\u00eda, educaci\u00f3n, filolog\u00eda, arquitectura, arqueolog\u00eda, literatura, geograf\u00eda, historia del arte\u2026) y enfoques metodol\u00f3gicos.<\/li>\n<li>Mostrar la riqueza del patrimonio molinol\u00f3gico en general, en particular el de Le\u00f3n.<\/li>\n<li>Presentar proyectos y casos de buenas pr\u00e1cticas en el \u00e1mbito de la conservaci\u00f3n, la restauraci\u00f3n y la rehabilitaci\u00f3n de los elementos arquitect\u00f3nicos y de la maquinaria.<\/li>\n<li>Favorecer los intercambios y las redes de colaboraci\u00f3n a nivel internacional.<\/li>\n<li>Debatir criterios de protecci\u00f3n y estrategias de intervenci\u00f3n.<\/li>\n<li>Plantear las perspectivas de futuro de este patrimonio en el marco del turismo rural y cultural.<\/li>\n<li>Implicar a la sociedad respecto a la importancia de este patrimonio.<\/li>\n<li>Promover el estudio, la protecci\u00f3n, la conservaci\u00f3n, la restauraci\u00f3n y la defensa de los molinos.<\/li>\n<\/ul>\n<h1><\/h1>\n<h1><\/h1>\n<h1>Abierto a todo el mundo\u00a0<\/h1>\n<p>Para ello, el 14\u00ba CIMO <strong>estuvo abierto a la participaci\u00f3n de todas aquellas personas relacionadas con el \u00e1mbito de la molinolog\u00eda<\/strong> que deseasen contribuir con sus comunicaciones a ampliar el conocimiento sobre los molinos o simplemente asistir para conocer las presentaciones, debates, exposiciones y visitas tem\u00e1ticas organizadas.<\/p>\n<p>El car\u00e1cter del 14\u00ba CIMO es internacional, por lo que pudieron participar personas y entidades de todo el planeta. Los idiomas de participaci\u00f3n fueron el espa\u00f1ol y el ingl\u00e9s.<\/p>\n<p>Los resultados de los CIMO se plasman en sus <strong>actas<\/strong>, publicadas en papel y enviadas a todos los inscritos, y que cuentan tambi\u00e9n con su correspondiente versi\u00f3n electr\u00f3nica, indexada en distintos repositorios y buscadores.<\/p>\n<p>[\/et_pb_text][\/et_pb_column][\/et_pb_row][\/et_pb_section][et_pb_section fb_built=&#8221;1&#8243; admin_label=&#8221;Secci\u00f3n&#8221; _builder_version=&#8221;4.16&#8243; global_colors_info=&#8221;{}&#8221;][et_pb_row padding_mobile=&#8221;off&#8221; column_padding_mobile=&#8221;on&#8221; admin_label=&#8221;Fila&#8221; _builder_version=&#8221;4.17.6&#8243; background_size=&#8221;initial&#8221; background_position=&#8221;top_left&#8221; background_repeat=&#8221;repeat&#8221; make_fullwidth=&#8221;off&#8221; use_custom_width=&#8221;off&#8221; width_unit=&#8221;on&#8221; locked=&#8221;off&#8221; global_colors_info=&#8221;{}&#8221;][et_pb_column type=&#8221;4_4&#8243; _builder_version=&#8221;4.16&#8243; custom_padding=&#8221;|||&#8221; global_colors_info=&#8221;{}&#8221; custom_padding__hover=&#8221;|||&#8221;][et_pb_text admin_label=&#8221;Texto&#8221; module_class=&#8221;entry-title main_title&#8221; _builder_version=&#8221;4.17.6&#8243; background_size=&#8221;initial&#8221; background_position=&#8221;top_left&#8221; background_repeat=&#8221;repeat&#8221; use_border_color=&#8221;off&#8221; border_color=&#8221;#ffffff&#8221; border_style=&#8221;solid&#8221; global_colors_info=&#8221;{}&#8221;]<\/p>\n<h1>Organizadores<\/h1>\n<p>[\/et_pb_text][et_pb_image src=&#8221;https:\/\/congresos.unileon.es\/14cimo2025\/wp-content\/uploads\/sites\/20\/2025\/03\/UniACEM.png&#8221; title_text=&#8221;UniACEM&#8221; align_tablet=&#8221;center&#8221; align_phone=&#8221;center&#8221; align_last_edited=&#8221;on|desktop&#8221; admin_label=&#8221;Imagen&#8221; _builder_version=&#8221;4.17.6&#8243; use_border_color=&#8221;off&#8221; border_color=&#8221;#ffffff&#8221; border_style=&#8221;solid&#8221; animation=&#8221;off&#8221; sticky=&#8221;off&#8221; always_center_on_mobile=&#8221;on&#8221; global_colors_info=&#8221;{}&#8221;] [\/et_pb_image][et_pb_text admin_label=&#8221;Texto&#8221; module_class=&#8221;entry-title main_title&#8221; _builder_version=&#8221;4.17.6&#8243; background_size=&#8221;initial&#8221; background_position=&#8221;top_left&#8221; background_repeat=&#8221;repeat&#8221; use_border_color=&#8221;off&#8221; border_color=&#8221;#ffffff&#8221; border_style=&#8221;solid&#8221; global_colors_info=&#8221;{}&#8221;]<\/p>\n<h1>Patrocinador<\/h1>\n<p>[\/et_pb_text][et_pb_image src=&#8221;https:\/\/congresos.unileon.es\/14cimo2025\/wp-content\/uploads\/sites\/20\/2025\/03\/AytoLeon1-1-scaled.jpg&#8221; title_text=&#8221;AytoLeon1 (1)&#8221; align_tablet=&#8221;center&#8221; align_phone=&#8221;center&#8221; align_last_edited=&#8221;on|desktop&#8221; admin_label=&#8221;Imagen&#8221; _builder_version=&#8221;4.17.6&#8243; use_border_color=&#8221;off&#8221; border_color=&#8221;#ffffff&#8221; border_style=&#8221;solid&#8221; animation=&#8221;off&#8221; sticky=&#8221;off&#8221; always_center_on_mobile=&#8221;on&#8221; global_colors_info=&#8221;{}&#8221;] [\/et_pb_image][et_pb_text admin_label=&#8221;Texto&#8221; module_class=&#8221;entry-title main_title&#8221; _builder_version=&#8221;4.17.6&#8243; background_size=&#8221;initial&#8221; background_position=&#8221;top_left&#8221; background_repeat=&#8221;repeat&#8221; use_border_color=&#8221;off&#8221; border_color=&#8221;#ffffff&#8221; border_style=&#8221;solid&#8221; global_colors_info=&#8221;{}&#8221;]<\/p>\n<h1>Colaboradores<\/h1>\n<p>[\/et_pb_text][et_pb_image src=&#8221;https:\/\/congresos.unileon.es\/14cimo2025\/wp-content\/uploads\/sites\/20\/2025\/03\/diptacionILC-1.png&#8221; title_text=&#8221;diptacionILC&#8221; align_tablet=&#8221;center&#8221; align_phone=&#8221;center&#8221; align_last_edited=&#8221;on|desktop&#8221; admin_label=&#8221;Imagen&#8221; _builder_version=&#8221;4.17.6&#8243; use_border_color=&#8221;off&#8221; border_color=&#8221;#ffffff&#8221; border_style=&#8221;solid&#8221; animation=&#8221;off&#8221; sticky=&#8221;off&#8221; always_center_on_mobile=&#8221;on&#8221; global_colors_info=&#8221;{}&#8221;] [\/et_pb_image][et_pb_image src=&#8221;https:\/\/congresos.unileon.es\/14cimo2025\/wp-content\/uploads\/sites\/20\/2025\/03\/FundacionEinstituto.png&#8221; title_text=&#8221;FundacionEinstituto&#8221; align_tablet=&#8221;center&#8221; align_phone=&#8221;center&#8221; align_last_edited=&#8221;on|desktop&#8221; admin_label=&#8221;Imagen&#8221; _builder_version=&#8221;4.17.6&#8243; use_border_color=&#8221;off&#8221; border_color=&#8221;#ffffff&#8221; border_style=&#8221;solid&#8221; animation=&#8221;off&#8221; sticky=&#8221;off&#8221; always_center_on_mobile=&#8221;on&#8221; global_colors_info=&#8221;{}&#8221;] [\/et_pb_image][et_pb_image src=&#8221;https:\/\/congresos.unileon.es\/14cimo2025\/wp-content\/uploads\/sites\/20\/2025\/10\/HISMECONBellasArtes1280x195.jpg&#8221; title_text=&#8221;HISMECONBellasArtes1280x195&#8243; align_tablet=&#8221;center&#8221; align_phone=&#8221;center&#8221; align_last_edited=&#8221;on|desktop&#8221; admin_label=&#8221;Imagen&#8221; _builder_version=&#8221;4.17.6&#8243; use_border_color=&#8221;off&#8221; border_color=&#8221;#ffffff&#8221; border_style=&#8221;solid&#8221; animation=&#8221;off&#8221; sticky=&#8221;off&#8221; always_center_on_mobile=&#8221;on&#8221; global_colors_info=&#8221;{}&#8221;] [\/et_pb_image][\/et_pb_column][\/et_pb_row][\/et_pb_section]<\/p>\n","protected":false},"excerpt":{"rendered":"<p>Los congresos internacionales de molinolog\u00eda (CIMO) son el referente en Espa\u00f1a del estudio de los molinos y de los ingenios tradicionales. Las actas de estos congresos ponen de manifiesto los importantes valores hist\u00f3ricos, arquitect\u00f3nicos, t\u00e9cnicos, est\u00e9ticos, paisaj\u00edsticos, sociales y simb\u00f3licos de estos bienes. Los CIMO se vienen celebrando desde el a\u00f1o 1995 y con el [&hellip;]<\/p>\n","protected":false},"author":2,"featured_media":0,"parent":0,"menu_order":0,"comment_status":"closed","ping_status":"closed","template":"","meta":{"_et_pb_use_builder":"on","_et_pb_old_content":"","_et_gb_content_width":"","footnotes":""},"class_list":["post-104","page","type-page","status-publish","hentry"],"_links":{"self":[{"href":"https:\/\/congresos.unileon.es\/14cimo2025\/wp-json\/wp\/v2\/pages\/104","targetHints":{"allow":["GET"]}}],"collection":[{"href":"https:\/\/congresos.unileon.es\/14cimo2025\/wp-json\/wp\/v2\/pages"}],"about":[{"href":"https:\/\/congresos.unileon.es\/14cimo2025\/wp-json\/wp\/v2\/types\/page"}],"author":[{"embeddable":true,"href":"https:\/\/congresos.unileon.es\/14cimo2025\/wp-json\/wp\/v2\/users\/2"}],"replies":[{"embeddable":true,"href":"https:\/\/congresos.unileon.es\/14cimo2025\/wp-json\/wp\/v2\/comments?post=104"}],"version-history":[{"count":37,"href":"https:\/\/congresos.unileon.es\/14cimo2025\/wp-json\/wp\/v2\/pages\/104\/revisions"}],"predecessor-version":[{"id":1660,"href":"https:\/\/congresos.unileon.es\/14cimo2025\/wp-json\/wp\/v2\/pages\/104\/revisions\/1660"}],"wp:attachment":[{"href":"https:\/\/congresos.unileon.es\/14cimo2025\/wp-json\/wp\/v2\/media?parent=104"}],"curies":[{"name":"wp","href":"https:\/\/api.w.org\/{rel}","templated":true}]}}

Presentación

<p>[et_pb_section fb_built=&#8221;1&#8243; admin_label=&#8221;section&#8221; _builder_version=&#8221;4.16&#8243; global_colors_info=&#8221;{}&#8221;][et_pb_row padding_mobile=&#8221;off&#8221; column_padding_mobile=&#8221;on&#8221; admin_label=&#8221;Fila&#8221; _builder_version=&#8221;4.16&#8243; background_size=&#8221;initial&#8221; background_position=&#8221;top_left&#8221; background_repeat=&#8221;repeat&#8221; custom_padding=&#8221;0px||0px|&#8221; make_fullwidth=&#8221;off&#8221; use_custom_width=&#8221;off&#8221; width_unit=&#8221;on&#8221; global_colors_info=&#8221;{}&#8221;][et_pb_column type=&#8221;4_4&#8243; _builder_version=&#8221;4.16&#8243; custom_padding=&#8221;|||&#8221; global_colors_info=&#8221;{}&#8221; custom_padding__hover=&#8221;|||&#8221;][et_pb_post_title meta=&#8221;off&#8221; featured_image=&#8221;off&#8221; admin_label=&#8221;Título de publicación&#8221; module_class=&#8221;entry-title main_title&#8221; _builder_version=&#8221;4.16&#8243; title_all_caps=&#8221;off&#8221; background_color=&#8221;rgba(255,255,255,0)&#8221; parallax=&#8221;on&#8221; parallax_method=&#8221;off&#8221; custom_margin=&#8221;0px||0px|&#8221; custom_padding=&#8221;0px||0px|&#8221; parallax_effect=&#8221;on&#8221; module_bg_color=&#8221;rgba(255,255,255,0)&#8221; use_border_color=&#8221;off&#8221; border_color=&#8221;#ffffff&#8221; border_style=&#8221;solid&#8221; global_colors_info=&#8221;{}&#8221;][/et_pb_post_title][/et_pb_column][/et_pb_row][et_pb_row admin_label=&#8221;Fila&#8221; _builder_version=&#8221;4.16&#8243; background_size=&#8221;initial&#8221; background_position=&#8221;top_left&#8221; background_repeat=&#8221;repeat&#8221; custom_padding=&#8221;0px|||||&#8221; global_colors_info=&#8221;{}&#8221;][et_pb_column type=&#8221;4_4&#8243; _builder_version=&#8221;4.16&#8243; custom_padding=&#8221;|||&#8221; global_colors_info=&#8221;{}&#8221; custom_padding__hover=&#8221;|||&#8221;][et_pb_text admin_label=&#8221;Texto&#8221; _builder_version=&#8221;4.17.6&#8243; background_size=&#8221;initial&#8221; background_position=&#8221;top_left&#8221; background_repeat=&#8221;repeat&#8221; use_border_color=&#8221;off&#8221; border_color=&#8221;#ffffff&#8221; border_style=&#8221;solid&#8221; global_colors_info=&#8221;{}&#8221;]</p>
<h1></h1>
<h1></h1>
<p><span style="color: #000000">Los <strong>congresos internacionales de molinología</strong> (CIMO) son el referente en España del estudio de los molinos y de los ingenios tradicionales. Las actas de estos congresos ponen de manifiesto los importantes valores históricos, arquitectónicos, técnicos, estéticos, paisajísticos, sociales y simbólicos de estos bienes.</span></p>
<p><span style="color: #000000">Los CIMO se vienen celebrando desde el año 1995 y con el congreso de León alcanzaron su 14ª edición. Su organización corresponde a la <strong>Asociación para la Conservación y Estudio de los Molinos</strong> (ACEM), creada en el año 1997 precisamente a raíz de las primeras «Jornadas Nacionales de Molinología» reunidas en Galicia en 1995 y de cara a la organización de las segundas en Cataluña. Tras las terceras en Cartagena (Región de Murcia), desde 2003 con el primer congreso celebrado en Mallorca éste adquirió carácter internacional.</span></p>
<p><span style="color: #000000">Para la organización de los CIMO, ACEM cuenta con universidades e instituciones que los respalden tanto desde el punto de vista profesional como económico. En el caso del 14º congreso la entidad organizadora fue la <strong>Universidad de León</strong> (ULE), contando con el patrocinio del <strong>Ayuntamiento de León</strong> y la colaboración de la Fundación Juanelo Turriano, el Instituto de Humanismo y Tradición Clásica (ULE), el grupo de investigación INDETEHI/HISMECON (ULE), la Fundación Octavio Álvarez Carballo y el Instituto Leonés de Cultura (Diputación de León).</span></p>
<p><span style="color: #000000">La ciudad de León acogió el <strong>XIV Congreso Internacional de Molinología</strong> entre los días <strong>16, 17, 18 y 19 de octubre de 2025</strong> bajo el lema «Paisajes milenarios, repertorio de sabiduría».</span> </p>
<p><span style="color: #000000"></span></p>
<p><span style="color: #000000"></span></p>
<h1>Objetivos</h1>
<p>Los CIMO buscan fomentar el estudio, el conocimiento y la protección en particular de los <strong>molinos de todo tipo y en todo el mundo</strong> y en general de aquellos edificios, infraestructuras, elementos y mecanismos que capten, regulen, conduzcan, transformen y utilicen para su funcionamiento las distintas energías tradicionales, así como de los elementos culturales asociados a ellos.</p>
<p>Como objetivos concretos, el 14º CIMO de León pretendió:</p>
<ul>
<li>Dar a conocer las últimas investigaciones sobre molinos, desde diferentes disciplinas (historia, ingeniería, antropología, educación, filología, arquitectura, arqueología, literatura, geografía, historia del arte…) y enfoques metodológicos.</li>
<li>Mostrar la riqueza del patrimonio molinológico en general, en particular el de León.</li>
<li>Presentar proyectos y casos de buenas prácticas en el ámbito de la conservación, la restauración y la rehabilitación de los elementos arquitectónicos y de la maquinaria.</li>
<li>Favorecer los intercambios y las redes de colaboración a nivel internacional.</li>
<li>Debatir criterios de protección y estrategias de intervención.</li>
<li>Plantear las perspectivas de futuro de este patrimonio en el marco del turismo rural y cultural.</li>
<li>Implicar a la sociedad respecto a la importancia de este patrimonio.</li>
<li>Promover el estudio, la protección, la conservación, la restauración y la defensa de los molinos.</li>
</ul>
<h1></h1>
<h1></h1>
<h1>Abierto a todo el mundo </h1>
<p>Para ello, el 14º CIMO <strong>estuvo abierto a la participación de todas aquellas personas relacionadas con el ámbito de la molinología</strong> que deseasen contribuir con sus comunicaciones a ampliar el conocimiento sobre los molinos o simplemente asistir para conocer las presentaciones, debates, exposiciones y visitas temáticas organizadas.</p>
<p>El carácter del 14º CIMO es internacional, por lo que pudieron participar personas y entidades de todo el planeta. Los idiomas de participación fueron el español y el inglés.</p>
<p>Los resultados de los CIMO se plasman en sus <strong>actas</strong>, publicadas en papel y enviadas a todos los inscritos, y que cuentan también con su correspondiente versión electrónica, indexada en distintos repositorios y buscadores.</p>
<p>[/et_pb_text][/et_pb_column][/et_pb_row][/et_pb_section][et_pb_section fb_built=&#8221;1&#8243; admin_label=&#8221;Sección&#8221; _builder_version=&#8221;4.16&#8243; global_colors_info=&#8221;{}&#8221;][et_pb_row padding_mobile=&#8221;off&#8221; column_padding_mobile=&#8221;on&#8221; admin_label=&#8221;Fila&#8221; _builder_version=&#8221;4.17.6&#8243; background_size=&#8221;initial&#8221; background_position=&#8221;top_left&#8221; background_repeat=&#8221;repeat&#8221; make_fullwidth=&#8221;off&#8221; use_custom_width=&#8221;off&#8221; width_unit=&#8221;on&#8221; locked=&#8221;off&#8221; global_colors_info=&#8221;{}&#8221;][et_pb_column type=&#8221;4_4&#8243; _builder_version=&#8221;4.16&#8243; custom_padding=&#8221;|||&#8221; global_colors_info=&#8221;{}&#8221; custom_padding__hover=&#8221;|||&#8221;][et_pb_text admin_label=&#8221;Texto&#8221; module_class=&#8221;entry-title main_title&#8221; _builder_version=&#8221;4.17.6&#8243; background_size=&#8221;initial&#8221; background_position=&#8221;top_left&#8221; background_repeat=&#8221;repeat&#8221; use_border_color=&#8221;off&#8221; border_color=&#8221;#ffffff&#8221; border_style=&#8221;solid&#8221; global_colors_info=&#8221;{}&#8221;]</p>
<h1>Organizadores</h1>
<p>[/et_pb_text][et_pb_image src=&#8221;https://congresos.unileon.es/14cimo2025/wp-content/uploads/sites/20/2025/03/UniACEM.png&#8221; title_text=&#8221;UniACEM&#8221; align_tablet=&#8221;center&#8221; align_phone=&#8221;center&#8221; align_last_edited=&#8221;on|desktop&#8221; admin_label=&#8221;Imagen&#8221; _builder_version=&#8221;4.17.6&#8243; use_border_color=&#8221;off&#8221; border_color=&#8221;#ffffff&#8221; border_style=&#8221;solid&#8221; animation=&#8221;off&#8221; sticky=&#8221;off&#8221; always_center_on_mobile=&#8221;on&#8221; global_colors_info=&#8221;{}&#8221;] [/et_pb_image][et_pb_text admin_label=&#8221;Texto&#8221; module_class=&#8221;entry-title main_title&#8221; _builder_version=&#8221;4.17.6&#8243; background_size=&#8221;initial&#8221; background_position=&#8221;top_left&#8221; background_repeat=&#8221;repeat&#8221; use_border_color=&#8221;off&#8221; border_color=&#8221;#ffffff&#8221; border_style=&#8221;solid&#8221; global_colors_info=&#8221;{}&#8221;]</p>
<h1>Patrocinador</h1>
<p>[/et_pb_text][et_pb_image src=&#8221;https://congresos.unileon.es/14cimo2025/wp-content/uploads/sites/20/2025/03/AytoLeon1-1-scaled.jpg&#8221; title_text=&#8221;AytoLeon1 (1)&#8221; align_tablet=&#8221;center&#8221; align_phone=&#8221;center&#8221; align_last_edited=&#8221;on|desktop&#8221; admin_label=&#8221;Imagen&#8221; _builder_version=&#8221;4.17.6&#8243; use_border_color=&#8221;off&#8221; border_color=&#8221;#ffffff&#8221; border_style=&#8221;solid&#8221; animation=&#8221;off&#8221; sticky=&#8221;off&#8221; always_center_on_mobile=&#8221;on&#8221; global_colors_info=&#8221;{}&#8221;] [/et_pb_image][et_pb_text admin_label=&#8221;Texto&#8221; module_class=&#8221;entry-title main_title&#8221; _builder_version=&#8221;4.17.6&#8243; background_size=&#8221;initial&#8221; background_position=&#8221;top_left&#8221; background_repeat=&#8221;repeat&#8221; use_border_color=&#8221;off&#8221; border_color=&#8221;#ffffff&#8221; border_style=&#8221;solid&#8221; global_colors_info=&#8221;{}&#8221;]</p>
<h1>Colaboradores</h1>
<p>[/et_pb_text][et_pb_image src=&#8221;https://congresos.unileon.es/14cimo2025/wp-content/uploads/sites/20/2025/03/diptacionILC-1.png&#8221; title_text=&#8221;diptacionILC&#8221; align_tablet=&#8221;center&#8221; align_phone=&#8221;center&#8221; align_last_edited=&#8221;on|desktop&#8221; admin_label=&#8221;Imagen&#8221; _builder_version=&#8221;4.17.6&#8243; use_border_color=&#8221;off&#8221; border_color=&#8221;#ffffff&#8221; border_style=&#8221;solid&#8221; animation=&#8221;off&#8221; sticky=&#8221;off&#8221; always_center_on_mobile=&#8221;on&#8221; global_colors_info=&#8221;{}&#8221;] [/et_pb_image][et_pb_image src=&#8221;https://congresos.unileon.es/14cimo2025/wp-content/uploads/sites/20/2025/03/FundacionEinstituto.png&#8221; title_text=&#8221;FundacionEinstituto&#8221; align_tablet=&#8221;center&#8221; align_phone=&#8221;center&#8221; align_last_edited=&#8221;on|desktop&#8221; admin_label=&#8221;Imagen&#8221; _builder_version=&#8221;4.17.6&#8243; use_border_color=&#8221;off&#8221; border_color=&#8221;#ffffff&#8221; border_style=&#8221;solid&#8221; animation=&#8221;off&#8221; sticky=&#8221;off&#8221; always_center_on_mobile=&#8221;on&#8221; global_colors_info=&#8221;{}&#8221;] [/et_pb_image][et_pb_image src=&#8221;https://congresos.unileon.es/14cimo2025/wp-content/uploads/sites/20/2025/10/HISMECONBellasArtes1280x195.jpg&#8221; title_text=&#8221;HISMECONBellasArtes1280x195&#8243; align_tablet=&#8221;center&#8221; align_phone=&#8221;center&#8221; align_last_edited=&#8221;on|desktop&#8221; admin_label=&#8221;Imagen&#8221; _builder_version=&#8221;4.17.6&#8243; use_border_color=&#8221;off&#8221; border_color=&#8221;#ffffff&#8221; border_style=&#8221;solid&#8221; animation=&#8221;off&#8221; sticky=&#8221;off&#8221; always_center_on_mobile=&#8221;on&#8221; global_colors_info=&#8221;{}&#8221;] [/et_pb_image][/et_pb_column][/et_pb_row][/et_pb_section]</p>

<p>Los congresos internacionales de molinología (CIMO) son el referente en España del estudio de los molinos y de los ingenios tradicionales. Las actas de estos congresos ponen de manifiesto los importantes valores históricos, arquitectónicos, técnicos, estéticos, paisajísticos, sociales y simbólicos de estos bienes. Los CIMO se vienen celebrando desde el año 1995 y con el [&hellip;]</p>
